ime factors of n.
2, 3
Suppose 2*c - c - 5*h - 24 = 0, 2*c - 2*h - 32 = 0. List the prime factors of c/35 - 78/(-5).
2
Let w = 41 - 19. Suppose 12 = 4*d - m, 0 = -2*d + d + 5*m + w. Let i(f) = -f**3 + 3*f**2 + 2*f - 3. What are the prime factors of i(d)?
5
Let p be (-16)/6*3/(-2). Let b(w) = 2*w**3 + 2*w + 0*w**3 + p - 3*w**3 + w - 4*w**2. What are the prime factors of b(-5)?
2, 7
Suppose -z + 0*z = 2*t + 3, -6 = -2*z + 2*t. Let i = -13 + 15. List the prime factors of 10 - z/i*4.
2
Suppose -5*v + 248 = -b, 4*v + 5*b = v + 160. What are the prime factors of v?
2, 5
Let k = -6 - -11. Suppose k*o = 9*o + 312. List the prime factors of 5/(-10) - o/4.
19
Let s(w) = -w**3 - 12*w**2 - w + 2. List the prime factors of s(-12).
2, 7
Let b(m) = m**2 - 2. Let x be b(2). Suppose x*o - 29 = 1. List the prime factors of o.
3, 5
Let u = -13 - -23. Let c be (u/(-15))/((-2)/15). Suppose -n = -2*n - c*j + 32, 0 = -2*n - 5*j + 49. List the prime factors of n.
17
What are the prime factors of 4/(-22) + 184/44?
2
Let n(t) be the second derivative of -3*t**2/2 + 2*t. Let r(i) = -i - 8. Let p(y) = -8*n(y) + 3*r(y). What are the prime factors of p(-1)?
3
Let f(a) = -2*a - 5. Let c be f(-6). Let o = c - 2. List the prime factors of o.
5
Let r(p) = -3*p - 4. Let d be r(-3). Suppose 2*s + 4*j = 7*s - 39, 0 = 2*s + d*j - 9. List the prime factors of s.
7
Let t = -37 - -60. List the prime factors of t.
23
Suppose -2*b + 5*b + 1 = -5*f, 4*b = -2*f + 22. Let w = 1 + b. What are the prime factors of w?
3
Let h = 40 - -21. List the prime factors of h.
61
Let v = 302 - 90. List the prime factors of v.
2, 53
Suppose -7*j + 10*j + y - 530 = 0, 0 = 3*y + 3. List the prime factors of j.
3, 59
Let j(g) = 68*g**2 - g - 1. Let v be j(-1). Let c = v - 41. List the prime factors of c.
3
Suppose -3*s + 5 = -2*w, 2*w = -4*s - 17 + 5. List the prime factors of (-15)/((2 + -1)/s).
3, 5
Let z(f) be the first derivative of -f**3/3 + 9*f**2/2 + 4*f - 12. Suppose 0 = -u + 2*u - 8. List the prime factors of z(u).
2, 3
Let x(w) = 85*w + 85. Let h(v) = -14*v - 14. Let o(p) = 25*h(p) + 4*x(p). List the prime factors of o(-5).
2, 5
Suppose -12 = 3*r - r. List the prime factors of (-42)/(-4) + r/(-4).
2, 3
Let l(v) be the first derivative of 5*v**2 + 1/4*v**4 - 8/3*v**3 + 1 - 10*v. What are the prime factors of l(7)?
11
Let n be (-1 - 7)*(-12)/2. Suppose 4*l + 4*x - n = 0, -l + 0*x + x = -2. What are the prime factors of l?
7
Suppose -4*k + 0*k = -36. Suppose r + 0*r = k. What are the prime factors of r?
3
Let v = -4 - -22. List the prime factors of v.
2, 3
Let a = 327 - 130. What are the prime factors of a?
197
Let i = 100 - 55. Let s = -32 + i. List the prime factors of s.
13
Let o(i) = 2*i**2 + 7*i + 11. Let a be o(-9). Suppose 3*r = 49 + a. List the prime factors of r.
53
Let b = 15 + -26. Let p = b + 15. What are the prime factors of p?
2
Let h = 177 + -106. What are the prime factors of h?
71
Suppose 0 = -3*g - v + 175, -v = -0*v + 2. What are the prime factors of g?
59
Let h(z) = 2*z**2 + 31*z + 13. What are the prime factors of h(-21)?
2, 61
Let m = 3 + -3. Let p(a) = 9*a - 29. Let r(j) = 5*j - 15. Let y(b) = -6*p(b) + 11*r(b). List the prime factors of y(m).
3
Suppose -4 - 19 = -d. List the prime factors of d.
23
Let h(r) = r**3 - 3*r**2 - 6*r + 4. Let z be h(4). Let k = 11 + -6. Let a = k - z. What are the prime factors of a?
3
Let c = -21 + 21. Suppose -3*g + 159 - 48 = c. List the prime factors of g.
37
Suppose -8*k + 3*k - 10 = 0. Let s(z) = -z**3 + 2*z**2 + 3*z + 1. List the prime factors of s(k).
11
Let f(o) = o + 3. Let b be f(-12). Let l = 26 + b. List the prime factors of l.
17
Let z(i) = 16*i**2 + 7*i - 3. What are the prime factors of z(2)?
3, 5
Suppose 4*n + c - 1 = 0, n + 5*c = -12 - 2. Let x(d) = 6*d**2 + 6*d + d**3 - 1 + n. What are the prime factors of x(-4)?
2
Let c be (-132)/(-10) + (-3)/15. Let z = c - -2. List the prime factors of z.
3, 5
Let k(j) = -3*j**3 - 3*j**2 + 6*j - 1. List the prime factors of k(-4).
7, 17
List the prime factors of (2 + 16/(-4))*-23.
2, 23
Let b be 5*(-2 - (0 - 1)). Let v(x) = -x + 6. List the prime factors of v(b).
11
Suppose 0*h - h = -2. Suppose -124 = -5*s + h*m - 0*m, 0 = -5*s - m + 133. What are the prime factors of s?
2, 13
Let x(l) = -l**2 - l. Let w(d) = -3*d**2 - 10*d + 7. Let k(q) = w(q) - 2*x(q). Let n be k(-9). List the prime factors of 1*(0 - n - 0).
2
Suppose 0 = 3*r + r - 20. Let v(x) = 2*x**2 - 7*x - 1. List the prime factors of v(r).
2, 7
Let z be -2 + -6*3/(-3). Suppose 6 + z = a. What are the prime factors of a?
2, 5
Let d be 40/22 + (-4)/(-22). Let h be (4/3)/(1/3). What are the prime factors of d + -1 - (1 - h)?
2
Suppose -5*r = -105 - 130. List the prime factors of r.
47
Suppose -2*q + 2*l - 14 = -3*q, 0 = 2*q - 3*l - 49. What are the prime factors of q?
2, 5
Suppose -2*m + 8 = -4. Let w be (4/8)/((-1)/m). List the prime factors of -1*5/(2 + w).
5
Let h(m) = m**3 - 4*m**2 - 2*m + 2. Let t be h(3). Let r = 18 + t. List the prime factors of r.
5
Let f(d) be the first derivative of -d**3/3 - 5*d**2/2 - 5*d + 1. Let i be f(-4). Let j = i + 8. List the prime factors of j.
7
Suppose -2*z = 2 + 4. What are the prime factors of ((-9)/z - -3) + -3?
3
Suppose -3*g = -2 - 13. Suppose g*k - 45 = -10. List the prime factors of k.
7
Suppose 4*i - 2*i - 91 = -3*l, -4*l = -2*i - 126. What are the prime factors of l?
31
Let l = -4 - -3. Let b(f) = -44*f**3 + f**2 - 4*f + 9. Let q(g) = -11*g**3 - g + 2. Let o(p) = -2*b(p) + 9*q(p). What are the prime factors of o(l)?
2, 5
Let l be (2/(-5))/((-1)/(-5)). Let y be 2 + -1 + l/(-2). Suppose -31 = -3*u + y. List the prime factors of u.
11
Suppose -5*x + 5*v - 6*v = 94, -3*x = 4*v + 53. Let u = x + 31. What are the prime factors of u?
2, 3
List the prime factors of (-3 + 0 - -1) + 89.
3, 29
Let y(s) = s**2 + 18*s + 44. List the prime factors of y(-21).
107
Let w be (1 - 1) + (-12 - -1). Let r be 156/w + 8/44. Let o = r - -34. What are the prime factors of o?
2, 5
Suppose 3*q = 2*x - 141, 2*x + 0*q = -2*q + 126. Let w = -34 + x. What are the prime factors of w?
2
Let p = -9 + 30. Let d = 5 + p. What are the prime factors of d?
2, 13
Suppose -c = 2 - 0. Suppose -h = -2*h + 1. List the prime factors of 0 - h - -6 - c.
7
List the prime factors of (-1)/7 - 1232/(-49).
5
Suppose -s = 2*s - 33. What are the prime factors of s?
11
Let l(v) = v**2 - 17*v + 1. Let d be (-4)/(-22) - (-512)/88. Let u(o) = -2*o**2 + 33*o - 3. Let n(a) = d*u(a) + 11*l(a). List the prime factors of n(7).
3, 7
Let g = -213 - -311. Suppose 0 = 5*b - 5*s - 90, -2*s - g = -4*b - 36. What are the prime factors of b?
13
Let m(i) = i + 7. Let y be m(-4). Suppose 0 = -y*k + 15 - 45. List the prime factors of k/(-3)*6/5.
2
Let y(c) = -c**2 + 8*c - 13. Let i(k) = -3*k**2 + 15*k - 27. Let s(n) = 2*i(n) - 5*y(n). What are the prime factors of s(-9)?
2, 5
Suppose -4*c - 3*c = -658. List the prime factors of c.
2, 47
Suppose -4*b = -7*b - 108. List the prime factors of (8/6)/((-8)/b).
2, 3
Let l = -9 - -114. What are the prime factors of l?
3, 5, 7
List the prime factors of 6/8 + (-418)/(-8).
53
Let i = 0 - 0. Let q(a) = a**3 + a + 9. Let c(j) = j**2 + 1. Let n(d) = c(d) + q(d). List the prime factors of n(i).
2, 5
Suppose -b + 4*b - 27 = 0. Let a = 19 - b. List the prime factors of a.
2, 5
List the prime factors of (1 - 2)/((-5)/95).
19
Let d = 83 - 54. List the prime factors of d.
29
Let q(k) be the second derivative of k**4/12 + k**3 - 5*k**2/2 + k. What are the prime factors of q(-8)?
11
Let q be ((-4)/12)/((-3)/(-9)). What are the prime factors of q/(3/(-30)) + -1?
3
List the prime factors of 220*1 + (-28)/(-28).
13, 17
Suppose -3*j - 5*l + 60 = 2*j, 5*l = -j - 4. Suppose 3*z + z = j. List the prime factors of z.
2
Let h(x) = 9*x**2 - 10*x - x**3 + 3 + 0 + 3*x + 5. What are the prime factors of h(8)?
2
Suppose -d - j = d - 118, -2*j = -d + 64. List the prime factors of d.
2, 3, 5
Let x(z) = z**2 - z + 4. Let u be x(4). Let l = u + 3. List the prime factors of l.
19
Let c(d) be the third derivative of -d**6/60 - d**5/30 + d**4/12 + 3*d**2. What are the prime factors of c(-2)?
2
Let b be ((-4)/5)/(4/(-30)). Suppose 0 = -s - 0*s - b. Let p = s - -14. What are the prime factors of p?
2
Let h = 9 + -4. Suppose -h*t = b - 109, b + 68 = 3*t